te?
False
Let j(q) = -q**3 + 2*q**2 + 3*q + 3. Let v be j(3). Suppose 0 = -p - 0 + v. Suppose 3*i - 311 = -4*n, -p*i - 316 = -4*n - 7*i. Is n composite?
True
Let a = -7381 + 11192. Is a prime?
False
Let z(y) = -6*y**2 - y + 1. Let r be z(4). Suppose 7*u + 311 = 9*u + f, 5*u - 3*f = 761. Let v = u + r. Is v a prime number?
False
Suppose -2*y = -y - 2. Suppose -4 = y*l + 2*l. Is (-1*(86 + 3))/l a prime number?
True
Let x be 3/(15/(-425)) - 3. Let g = x + 203. Is g prime?
False
Let d(m) = 15*m**2 + 70*m - 117. Is d(-30) a composite number?
True
Suppose 19*l + 55013 = 26*l. Is l a prime number?
False
Suppose -t - 3 + 5 = 0. Let o(i) = -3 - 4*i**t + 4 + 26*i**2. Is o(-2) a composite number?
False
Suppose -17*l = -21*l + 40. Suppose -l*x + 115 = -5*x. Is x prime?
True
Let f = -104 - -153. Let b = 13 - 20. Is (-28)/f + (-3497)/b a composite number?
False
Let z = 40855 + -23012. Is z prime?
False
Suppose -5*x + x = 8. Let v(k) = 56*k**2 + 3*k + 3. Is v(x) a composite number?
True
Let i(n) be the third derivative of n**6/120 + 7*n**5/60 - n**4/12 + 5*n**3/6 - n**2. Suppose j = -2*g - 2*g + 14, 9 = -4*j - 3*g. Is i(j) a composite number?
False
Let u be 1937 + (4 - 3) + 4. Let c be (4/(-6))/(1/(-3)). Suppose 2*z = -2*j + u, -j - c*z + 955 = -5*z. Is j a prime number?
True
Let c(z) be the second derivative of -z**5/20 - z**4/6 + 1477*z**2/2 - z. Suppose o = -o - 4*o. Is c(o) a prime number?
False
Let u be (-1 - (-6)/2)/((-6)/(-9)). Suppose 2*h - 284 = -4*c, 3*c = u*h - 2*h + 213. Is c a prime number?
True
Suppose -63 = 5*m - 3*k + 92, -2*k - 130 = 5*m. Let s(c) = -7*c + 5. Let b be s(-6). Let d = m + b. Is d prime?
True
Let i = 563 + -885. Let j(a) = -2*a**2 + 3*a. Let g be j(2). Is i/(-35) - g/(-10) prime?
False
Let s be 6/(-21) - 226/(-7). Let i = -21 + s. Is (i + 3)/(4/58) a composite number?
True
Let w(q) = 7*q - 4 - 3*q + 44*q + 42*q. Is w(1) prime?
False
Let y(x) = 7*x**2 - 3*x - 24. Is y(14) composite?
True
Let s(o) = -o**3 - 5*o**2 - o + 3. Let f be s(-7). Suppose -x + h + h = -107, -x + h = -f. Is x a prime number?
True
Let d = -6 - -2. Is -2 - ((-2825)/35 - d/(-14)) a composite number?
False
Suppose 5*c = 5*z - 118215, c + 74128 = 3*z + 3203. Is z a composite number?
True
Suppose 4*i + 60 = 4744. Is i a prime number?
True
Suppose 1561 + 1307 = 4*s. Let o = s - 246. Is o prime?
False
Let m = -761 + 54924. Is m a prime number?
True
Let k(d) = -d**3 - 9*d**2 - 15*d - 11. Let h be k(-12). Suppose 1315 + h = 4*z. Is z composite?
False
Let x = 10 - 9. Let r be 0/4 - (219 + x). Let s = -138 - r. Is s prime?
False
Suppose v - 12 = -0*v. Suppose f + 396 = 3*n + 3*f, 0 = 4*f + v. Suppose 3*b + b = -2*q + n, -q = 5*b - 79. Is q a prime number?
True
Let b = 152 - 40. Suppose -2*x = -3*i + 169, -x - b = -2*i - 0*x. Is i composite?
True
Let z(h) = -6*h + 41. Let r be z(-9). Suppose -r = -x + 622. Is x a prime number?
False
Let i(g) = 30*g**3 - 24*g**2 - 3 + 0*g + g + 2 + 25*g**2. Is i(1) composite?
False
Let n(d) = d + 10753. Is n(0) a composite number?
False
Let b be ((-8)/10)/(2*3/(-1695)). Suppose 0 = 27*o - 25*o - b. Is o composite?
False
Let u(g) = -g**2 + 4*g. Let a be u(4). Suppose a = 3*i - 443 - 376. Let o = -40 + i. Is o composite?
False
Suppose x = -2*t + 1635, 2*t + 663 = -5*x + 8846. Is x a prime number?
True
Let t(w) = -2*w**2 + 3*w + 1. Let h be t(3). Let v(b) = 2*b + 11. Let y be v(h). Is y*(2 - (-94)/(-10)) prime?
True
Let v(y) = -y**3 + 6*y**2 - 2*y + 6. Let j be v(5). Suppose -2*g = g - j. Suppose -8*l + 77 = -g*l. Is l prime?
False
Suppose -656 - 202 = -6*o. Let i = -34 + o. Is i a composite number?
False
Suppose -3*m = -4*s + 9705, -5*s = -2*s + 2*m - 7283. Suppose -8*x - s = -9*x. Is x a composite number?
True
Let d be ((-2)/3)/(4/(-18)). Suppose -2*t - 3*b + 2*b + 4 = 0, d*t + 5*b = 6. Suppose f - 380 = -s, -t*f + 0*s + 761 = s. Is f a composite number?
True
Suppose 2*y = 3*a + 3*y - 20, 5*a - 15 = 2*y. Let q(t) = -a + 9*t + 124*t + 6. Is q(1) composite?
True
Let n be 3/9 + (-2854)/(-6). Suppose -3*r + n = r. Is r a composite number?
True
Suppose 18*s - 8*s = 31630. Is s composite?
False
Let d be (-6)/4 + 21/(-14). Is (1277 + 16)/(d/(-1)) a composite number?
False
Let h(g) = 386*g + 41. Let r be h(-12). Let b = r - -6564. Is b a prime number?
True
Let z(j) = -3 + 3*j + 1 - 2. Let s be z(10). Let q = -16 + s. Is q composite?
True
Let f(b) = 255*b**3 - 1. Let c = 2 + -1. Suppose 7*z = 8*z - c. Is f(z) prime?
False
Let w(y) = -y**3 + 5*y**2 - 2*y - 5. Suppose -j + 4 = -0*j. Let c be w(j). Is (0 - (-1 + c)) + 113 prime?
False
Suppose -2*i + 3*c + 65385 + 46618 = 0, 5*i = -2*c + 279979. Is i composite?
False
Let h be (-2)/(((-28)/(-6))/7). Let b(p) = 4*p**2 + 3*p + 4. Is b(h) composite?
False
Let x(g) = -g**3 + 8*g**2 - 8*g. Let y = 3 - -4. Let t be x(y). Let n = t - -44. Is n a composite number?
False
Suppose -5207 - 11002 = -9*j. Is j prime?
True
Let f(k) = k**3 - 13*k**2 + 72*k + 3. Is f(35) a prime number?
True
Suppose 3*h - 3 = 2*h. Suppose -3*a + h*z - 7*z + 2773 = 0, 3*z - 12 = 0. Is a a prime number?
True
Let w = -40 - -43. Suppose 2*c - 2*p - p = 255, 260 = 2*c - 2*p. Suppose c = w*j - 102. Is j prime?
True
Let l = 1343 - 708. Is l prime?
False
Let m(z) = -35924*z - 35. Is m(-3) a prime number?
False
Suppose -13*p + 12*p - 3*a = -4079, 4*p = 2*a + 16372. Is p a composite number?
False
Let w(r) = -3*r + 11. Let u be w(-3). Suppose 18*f = u*f - 356. Is f prime?
False
Let u(v) = -3405*v + 785. Is u(-40) prime?
False
Suppose -5*z - 2 = 8. Let a = z + 1. Is (-3519)/(-12) + a/4 prime?
True
Let h(d) = d**2 - 3*d + 4. Let p be h(2). Let l(n) = 2985*n - 5. Is l(p) composite?
True
Let f = 25 - 25. Suppose 3*h - 4 - 8 = f. Suppose 2*d + 346 = h*q, -5*q + 3*d + 612 - 178 = 0. Is q composite?
True
Let q(o) = -o**3 + 2*o**2 - o + 1. Let c = 34 - 40. Is q(c) prime?
False
Suppose 0*z + 8*z - 80 = 0. Is 47/(1 + (-5)/z) prime?
False
Suppose -3*i - 4293 = -p - p, -2*p = 5*i + 7155. Let q = i + 2350. Is q composite?
False
Suppose 0 = -2*q + 4*n - 1844, 2*n - 3*n + 4 = 0. Let m = 1393 + q. Is m prime?
True
Let b(f) be the third derivative of f**6/120 + 2*f**5/15 + f**4/12 + 5*f**3/6 - 4*f**2 + 7. Is b(-6) composite?
True
Let p = -31543 + 56304. Is p composite?
True
Suppose 0 = 15*a - 19*a - 4*s + 18816, -8*s = -8. Is a composite?
False
Let q = 14 + -9. Suppose 662 = -q*o + 1777. Is o prime?
True
Let s(z) = z**3 + 8*z**2 - 4*z - 7. Let t = 8 + -4. Suppose t*q + q + 49 = -4*n, -4*q = 2*n + 32. Is s(n) a prime number?
True
Suppose 5*i + 160 = -5*s, -4*i - 44 = -3*s + 4*s. Let d = 47 + s. Suppose -d - 227 = -3*h. Is h a composite number?
True
Suppose 2*v = 8, i + 4*v + 155 = -109. Let x = i - -422. Is x composite?
True
Suppose 5663 = 5*w + 3*x - 903, 0 = -3*w + 4*x + 3957. Is w a prime number?
False
Let h(w) = w**2 - 11*w + 5. Suppose 77 = x + 6*x. Let k be ((2 + x)*-2)/(-2). Is h(k) composite?
False
Let n = -5 + 4. Suppose 5*u - 3*z - 137 = 0, 4*z + 63 + 17 = 3*u. Is n/2 - (-17178)/u composite?
False
Let t(k) = -k - 5. Let o be t(-9). Suppose -2*y + o*y - 5*a = 2230, 3*a - 3345 = -3*y. Is y a composite number?
True
Suppose -10 = 3*p + 44. Let m = p - -11. Is 598/3 - m/(-21) prime?
True
Let u(q) be the second derivative of q**3/6 - q**2 + q. Let d be u(2). Suppose -85 = -d*r - r. Is r a composite number?
True
Suppose 4585 + 5195 = 30*m. Is m composite?
True
Let m(i) = 36*i**2 - 2*i + 9. Let k = 20 - 13. Is m(k) composite?
False
Suppose 4*f = -11*d + 6*d + 113443, 5*f - 5*d = 141770. Is f a prime number?
False
Let c(f) = 3*f**2 + 3*f + 2. Let t be c(-1). Is ((-7)/14)/(t/(-220)) a composite number?
True
Is -2*(-8 + 5) - -9521 a prime number?
False
Let k = -209977 - -300044. Is k prime?
True
Suppose -8*l = -4*l. Suppose -4*j + 4*u - 2100 = 0, -2*j - 4*u = -l*u + 1044. Is 3 + 4*j/(-8) a composite number?
True
Let d(c) = 8 + 2*c + c + 0*c - 2*c. Let i be d(-8). Suppose -9*j + 5*j + 332 = i. Is j prime?
True
Suppose -16 = 4*n, 4*f + 0*n - 3*n = 32224. Is f a prime number?
True
Suppose 4*r + 38 - 118 = 0. Suppose r = -9*c + 14*c. Suppose 79 = 5*g - o, -g - 76 = -5*g + c*o. Is g a composite number?
True
Let i = 2280 - 1518. Suppose -7*d + d + i = 0. Is d composite?
False
Suppose 812 = -2*j + 5*b, 0 = -5*j + 4*b - 1886 - 127. Suppose -4*u = 2*l + 1784, -4*l - l